{"id":46,"date":"2021-07-13T13:02:35","date_gmt":"2021-07-13T13:02:35","guid":{"rendered":"http:\/\/siwise.ch\/?page_id=46"},"modified":"2021-07-14T07:10:13","modified_gmt":"2021-07-14T07:10:13","slug":"moebelbau","status":"publish","type":"page","link":"https:\/\/siwise.ch\/?page_id=46","title":{"rendered":"M\u00f6belbau"},"content":{"rendered":"\n<figure class=\"wp-block-image size-large is-resized\"><img decoding=\"async\" loading=\"lazy\" src=\"http:\/\/siwise.ch\/wp-content\/uploads\/2021\/07\/Ausschnitt-2-1024x303.jpg\" alt=\"\" class=\"wp-image-148\" width=\"607\" height=\"179\" srcset=\"https:\/\/siwise.ch\/wp-content\/uploads\/2021\/07\/Ausschnitt-2-1024x303.jpg 1024w, https:\/\/siwise.ch\/wp-content\/uploads\/2021\/07\/Ausschnitt-2-300x89.jpg 300w, https:\/\/siwise.ch\/wp-content\/uploads\/2021\/07\/Ausschnitt-2-768x227.jpg 768w, https:\/\/siwise.ch\/wp-content\/uploads\/2021\/07\/Ausschnitt-2-1536x454.jpg 1536w, https:\/\/siwise.ch\/wp-content\/uploads\/2021\/07\/Ausschnitt-2-1568x464.jpg 1568w, https:\/\/siwise.ch\/wp-content\/uploads\/2021\/07\/Ausschnitt-2.jpg 1731w\" sizes=\"(max-width: 607px) 100vw, 607px\" \/><figcaption>Holz ist inspirierend sch\u00f6n.<\/figcaption><\/figure>\n\n\n\n<blockquote class=\"wp-block-quote\"><p>support the creation<\/p><\/blockquote>\n\n\n\n<p>Unter diesem Motto schaue ich gerne die Orte und die Klienten an, f\u00fcr die ein M\u00f6belst\u00fcck kreiert werden soll. <\/p>\n\n\n\n<p>Denn alles erz\u00e4hlt und schreibt eine Geschichte.<br>Egal, wo  man anf\u00e4ngt: Ob beim Werkstoff, \u00fcber das Design zu den praktischen W\u00fcnschen des Klienten\u2026 <br>Alles wirkt zusammen zu einer Kreation.<\/p>\n\n\n\n<figure class=\"is-layout-flex wp-block-gallery-1 wp-block-gallery columns-3 is-cropped\"><ul class=\"blocks-gallery-grid\"><li class=\"blocks-gallery-item\"><figure><img decoding=\"async\" loading=\"lazy\" width=\"679\" height=\"1024\" src=\"http:\/\/siwise.ch\/wp-content\/uploads\/2021\/07\/Kleiderschrank-scaled-e1626181784208-679x1024.jpg\" alt=\"\" data-id=\"163\" data-link=\"http:\/\/siwise.ch\/?attachment_id=163\" class=\"wp-image-163\" srcset=\"https:\/\/siwise.ch\/wp-content\/uploads\/2021\/07\/Kleiderschrank-scaled-e1626181784208-679x1024.jpg 679w, https:\/\/siwise.ch\/wp-content\/uploads\/2021\/07\/Kleiderschrank-scaled-e1626181784208-199x300.jpg 199w, https:\/\/siwise.ch\/wp-content\/uploads\/2021\/07\/Kleiderschrank-scaled-e1626181784208-768x1158.jpg 768w, https:\/\/siwise.ch\/wp-content\/uploads\/2021\/07\/Kleiderschrank-scaled-e1626181784208-1019x1536.jpg 1019w, https:\/\/siwise.ch\/wp-content\/uploads\/2021\/07\/Kleiderschrank-scaled-e1626181784208.jpg 1350w\" sizes=\"(max-width: 679px) 100vw, 679px\" \/><\/figure><\/li><li class=\"blocks-gallery-item\"><figure><img decoding=\"async\" loading=\"lazy\" width=\"768\" height=\"1024\" src=\"http:\/\/siwise.ch\/wp-content\/uploads\/2021\/07\/Kleiner-Schrank--768x1024.jpg\" alt=\"\" data-id=\"164\" data-link=\"http:\/\/siwise.ch\/?attachment_id=164\" class=\"wp-image-164\" srcset=\"https:\/\/siwise.ch\/wp-content\/uploads\/2021\/07\/Kleiner-Schrank--768x1024.jpg 768w, https:\/\/siwise.ch\/wp-content\/uploads\/2021\/07\/Kleiner-Schrank--225x300.jpg 225w, https:\/\/siwise.ch\/wp-content\/uploads\/2021\/07\/Kleiner-Schrank--1152x1536.jpg 1152w, https:\/\/siwise.ch\/wp-content\/uploads\/2021\/07\/Kleiner-Schrank--1536x2048.jpg 1536w, https:\/\/siwise.ch\/wp-content\/uploads\/2021\/07\/Kleiner-Schrank--1568x2091.jpg 1568w, https:\/\/siwise.ch\/wp-content\/uploads\/2021\/07\/Kleiner-Schrank--scaled.jpg 1920w\" sizes=\"(max-width: 768px) 100vw, 768px\" \/><figcaption class=\"blocks-gallery-item__caption\"><br><\/figcaption><\/figure><\/li><li class=\"blocks-gallery-item\"><figure><img decoding=\"async\" loading=\"lazy\" width=\"768\" height=\"1024\" src=\"http:\/\/siwise.ch\/wp-content\/uploads\/2021\/07\/Garderobe-768x1024.jpg\" alt=\"\" data-id=\"165\" data-full-url=\"http:\/\/siwise.ch\/wp-content\/uploads\/2021\/07\/Garderobe-scaled.jpg\" data-link=\"http:\/\/siwise.ch\/?attachment_id=165\" class=\"wp-image-165\" srcset=\"https:\/\/siwise.ch\/wp-content\/uploads\/2021\/07\/Garderobe-768x1024.jpg 768w, https:\/\/siwise.ch\/wp-content\/uploads\/2021\/07\/Garderobe-225x300.jpg 225w, https:\/\/siwise.ch\/wp-content\/uploads\/2021\/07\/Garderobe-1152x1536.jpg 1152w, https:\/\/siwise.ch\/wp-content\/uploads\/2021\/07\/Garderobe-1536x2048.jpg 1536w, https:\/\/siwise.ch\/wp-content\/uploads\/2021\/07\/Garderobe-1568x2091.jpg 1568w, https:\/\/siwise.ch\/wp-content\/uploads\/2021\/07\/Garderobe-scaled.jpg 1920w\" sizes=\"(max-width: 768px) 100vw, 768px\" \/><\/figure><\/li><\/ul><figcaption class=\"blocks-gallery-caption\">Jan 21: Eine Garderobe nach Ma\u00df<br> mit Schuhgestell in Glas\/Stahl im vorhandenen Design<\/figcaption><\/figure>\n\n\n\n<p><\/p>\n","protected":false},"excerpt":{"rendered":"<p>support the creation Unter diesem Motto schaue ich gerne die Orte und die Klienten an, f\u00fcr die ein M\u00f6belst\u00fcck kreiert werden soll. Denn alles erz\u00e4hlt und schreibt eine Geschichte.Egal, wo man anf\u00e4ngt: Ob beim Werkstoff, \u00fcber das Design zu den praktischen W\u00fcnschen des Klienten\u2026 Alles wirkt zusammen zu einer Kreation.<\/p>\n","protected":false},"author":1,"featured_media":0,"parent":0,"menu_order":0,"comment_status":"closed","ping_status":"closed","template":"","meta":[],"_links":{"self":[{"href":"https:\/\/siwise.ch\/index.php?rest_route=\/wp\/v2\/pages\/46"}],"collection":[{"href":"https:\/\/siwise.ch\/index.php?rest_route=\/wp\/v2\/pages"}],"about":[{"href":"https:\/\/siwise.ch\/index.php?rest_route=\/wp\/v2\/types\/page"}],"author":[{"embeddable":true,"href":"https:\/\/siwise.ch\/index.php?rest_route=\/wp\/v2\/users\/1"}],"replies":[{"embeddable":true,"href":"https:\/\/siwise.ch\/index.php?rest_route=%2Fwp%2Fv2%2Fcomments&post=46"}],"version-history":[{"count":10,"href":"https:\/\/siwise.ch\/index.php?rest_route=\/wp\/v2\/pages\/46\/revisions"}],"predecessor-version":[{"id":195,"href":"https:\/\/siwise.ch\/index.php?rest_route=\/wp\/v2\/pages\/46\/revisions\/195"}],"wp:attachment":[{"href":"https:\/\/siwise.ch\/index.php?rest_route=%2Fwp%2Fv2%2Fmedia&parent=46"}],"curies":[{"name":"wp","href":"https:\/\/api.w.org\/{rel}","templated":true}]}}